{"id":60,"date":"2019-12-07T18:13:18","date_gmt":"2019-12-07T18:13:18","guid":{"rendered":"http:\/\/wordpress.dorothea-kleine.de\/?page_id=60"},"modified":"2019-12-07T18:13:18","modified_gmt":"2019-12-07T18:13:18","slug":"impressum","status":"publish","type":"page","link":"https:\/\/dorothea-kleine.de\/?page_id=60","title":{"rendered":"Impressum"},"content":{"rendered":"\n<p>Adresse:<br>Susanne L\u00fcders<br>Gei\u00dflerstra\u00dfe 2<br>39104 Magdeburg <br><br>Tel.: +49(0)3915843676<br>E-Mail: info[at]dorothea-kleine.de<br>&nbsp;<\/p>\n\n\n\n<p>Rechtlicher Hinweis und Haftungsausschluss:<\/p>\n\n\n\n<p>1. Haftungsbeschr\u00e4nkung<br>Die\n Inhalte des Internetauftritts wurden mit gr\u00f6\u00dftm\u00f6glicher Sorgfalt und \nnach bestem Gewissen erstellt.\n        Dennoch \u00fcbernimmt der Anbieter dieser Webseite keine Gew\u00e4hr f\u00fcr \ndie Aktualit\u00e4t, Vollst\u00e4ndigkeit und Richtigkeit der bereitgestellten \nSeiten und Inhalte.<br><br>\n        Als Diensteanbieter ist der Anbieter dieser Webseite gem\u00e4\u00df \u00a7 7 \nAbs. 1 TMG f\u00fcr eigene Inhalte und bereitgestellte Informationen auf \ndiesen Seiten nach den allgemeinen Gesetzen verantwortlich; nach den \u00a7\u00a7 8\n bis 10 TMG jedoch nicht verpflichtet,\n        die \u00fcbermittelten oder gespeicherten fremden Informationen zu \n\u00fcberwachen. Eine Entfernung oder Sperrung dieser Inhalte erfolgt \numgehend ab dem Zeitpunkt der Kenntnis einer konkreten Rechtsverletzung.\n        Eine Haftung ist erst ab dem Zeitpunkt der Kenntniserlangung \nm\u00f6glich.<br><br>2. Externe Links<br>Die Webseite enth\u00e4lt sog. \u201eexterne \nLinks\u201c (Verlinkungen) zu anderen Webseiten, auf deren Inhalt\n        der Anbieter der Webseite keinen Einfluss hat. Aus diesem Grund \nkann der Anbieter f\u00fcr diese Inhalte auch keine Gew\u00e4hr \u00fcbernehmen.<br>F\u00fcr\n die Inhalte und Richtigkeit der bereitgestellten Informationen ist\n        der jeweilige Anbieter der verlinkten Webseite verantwortlich. \nZum Zeitpunkt der Verlinkung waren keine Rechtsverst\u00f6\u00dfe erkennbar. Bei \nBekanntwerden einer solchen Rechtsverletzung wird der Link umgehend \nentfernen.<br><br>\n        3. Urheberrecht\/Leistungsschutzrecht<br>Die auf dieser Webseite \nver\u00f6ffentlichten Inhalte, Werke und bereitgestellten Informationen \nunterliegen dem deutschen Urheberrecht und Leistungsschutzrecht.\n        Jede Art der Vervielf\u00e4ltigung, Bearbeitung, Verbreitung, \nEinspeicherung und jede Art der Verwertung au\u00dferhalb der Grenzen des \nUrheberrechts bedarf der vorherigen schriftlichen Zustimmung des \njeweiligen\n        Rechteinhabers. Das unerlaubte Kopieren\/Speichern der \nbereitgestellten Informationen auf diesen Webseiten ist nicht gestattet \nund strafbar.<br><br>\n        4. Datenschutzerkl\u00e4rung<br>\n\n\nDiese Datenschutzerkl\u00e4rung kl\u00e4rt Sie \u00fcber die Art, den Umfang und Zweck \nder Verarbeitung von personenbezogenen Daten (nachfolgend kurz \u201eDaten\u201c) \ninnerhalb unseres\nOnlineangebotes und der mit ihm verbundenen Webseiten, Funktionen und \nInhalte sowie externen Onlinepr\u00e4senzen, wie z.B. unser Social Media \nProfile auf\n(nachfolgend gemeinsam bezeichnet als \u201eOnlineangebot\u201c).\nIm Hinblick auf die verwendeten Begrifflichkeiten, wie z.B. \n\u201eVerarbeitung\u201c oder \u201eVerantwortlicher\u201c verweisen wir auf die \nDefinitionen im Art. 4 der\nDatenschutzgrundverordnung (DSGVO).<br><br>\n\nVerantwortliche:<br>\n<br>\n\nAdresse:<br>\nSusanne L\u00fcders<br>\nGei\u00dflerstra\u00dfe 2<br>\n39104 Magdeburg<br>\n<br>\nTel.: +49(0)3915843676<br>\nE-Mail: info[at]dorothea-kleine.de<br>\n<br>\nArten der verarbeiteten Daten:\n\n&#8211; Bestandsdaten (z.B., Namen, Adressen).<br>\n&#8211; Kontaktdaten (z.B., E-Mail, Telefonnummern).<br>\n&#8211; Inhaltsdaten (z.B., Texteingaben, Fotografien, Videos).<br>\n&#8211; Nutzungsdaten (z.B., besuchte Webseiten, Interesse an Inhalten, Zugriffszeiten).<br>\n&#8211; Meta-\/Kommunikationsdaten (z.B., Ger\u00e4te-Informationen, IP-Adressen).<br>\n<br>\nKategorien betroffener Personen<br>\n<br>\nBesucher und Nutzer des Onlineangebotes (Nachfolgend bezeichnen wir die betroffenen Personen zusammenfassend auch als \u201eNutzer\u201c).<br>\n<br>\nZweck der Verarbeitung<br>\n<br>\n&#8211; Zurverf\u00fcgungstellung des Onlineangebotes, seiner Funktionen und Inhalte.<br>\n&#8211; Beantwortung von Kontaktanfragen und Kommunikation mit Nutzern.<br>\n&#8211; Sicherheitsma\u00dfnahmen.<br>\n&#8211; Reichweitenmessung\/Marketing<br>\n<br>\nVerwendete Begrifflichkeiten<br>\n<br>\n\u201ePersonenbezogene Daten\u201c sind alle Informationen, die sich auf eine \nidentifizierte oder identifizierbare nat\u00fcrliche Person (im Folgenden \n\u201ebetroffene Person\u201c) <br>\nbeziehen; als identifizierbar wird eine nat\u00fcrliche Person angesehen, die\n direkt oder indirekt, insbesondere mittels Zuordnung zu einer Kennung \nwie einem Namen, <br>\nzu einer Kennnummer, zu Standortdaten, zu einer Online-Kennung (z.B. \nCookie) oder zu einem oder mehreren besonderen Merkmalen identifiziert \nwerden kann, die Ausdruck <br>\nder physischen, physiologischen, genetischen, psychischen, \nwirtschaftlichen, kulturellen oder sozialen Identit\u00e4t dieser nat\u00fcrlichen\n Person sind.<br>\n\u201eVerarbeitung\u201c ist jeder mit oder ohne Hilfe automatisierter Verfahren \nausgef\u00fchrten Vorgang oder jede solche Vorgangsreihe im Zusammenhang mit \npersonenbezogenen Daten.\nDer Begriff reicht weit und umfasst praktisch jeden Umgang mit Daten.<br>\nAls \u201eVerantwortlicher\u201c wird die nat\u00fcrliche oder juristische Person, \nBeh\u00f6rde, Einrichtung oder andere Stelle, die allein oder gemeinsam mit \nanderen \u00fcber die Zwecke\nund Mittel der Verarbeitung von personenbezogenen Daten entscheidet, \nbezeichnet.<br>\n<br>\nMa\u00dfgebliche Rechtsgrundlagen<br>\n<br>\nNach Ma\u00dfgabe des Art. 13 DSGVO teilen wir Ihnen die Rechtsgrundlagen \nunserer Datenverarbeitungen mit. Sofern die Rechtsgrundlage in der \nDatenschutzerkl\u00e4rung nicht\ngenannt wird, gilt Folgendes: Die Rechtsgrundlage f\u00fcr die Einholung von \nEinwilligungen ist Art. 6 Abs. 1 lit. a und Art. 7 DSGVO, die \nRechtsgrundlage f\u00fcr die Verarbeitung\nzur Erf\u00fcllung unserer Leistungen und Durchf\u00fchrung vertraglicher \nMa\u00dfnahmen sowie Beantwortung von Anfragen ist Art. 6 Abs. 1 lit. b \nDSGVO, die Rechtsgrundlage f\u00fcr die\nVerarbeitung zur Erf\u00fcllung unserer rechtlichen Verpflichtungen ist Art. 6\n Abs. 1 lit. c DSGVO, und die Rechtsgrundlage f\u00fcr die Verarbeitung zur \nWahrung unserer\nberechtigten Interessen ist Art. 6 Abs. 1 lit. f DSGVO. F\u00fcr den Fall, \ndass lebenswichtige Interessen der betroffenen Person oder einer anderen\n nat\u00fcrlichen Person eine\nVerarbeitung personenbezogener Daten erforderlich machen, dient Art. 6 \nAbs. 1 lit. d DSGVO als Rechtsgrundlage.<br>\n<br>\nZusammenarbeit mit Auftragsverarbeitern und Dritten<br>\n<br>\nSofern wir im Rahmen unserer Verarbeitung Daten gegen\u00fcber anderen \nPersonen und Unternehmen (Auftragsverarbeitern oder Dritten) offenbaren,\n sie an diese \u00fcbermitteln\noder ihnen sonst Zugriff auf die Daten gew\u00e4hren, erfolgt dies nur auf \nGrundlage einer gesetzlichen Erlaubnis (z.B. wenn eine \u00dcbermittlung der \nDaten an Dritte, wie an\nZahlungsdienstleister, gem. Art. 6 Abs. 1 lit. b DSGVO zur \nVertragserf\u00fcllung erforderlich ist), Sie eingewilligt haben, eine \nrechtliche Verpflichtung dies vorsieht oder\nauf Grundlage unserer berechtigten Interessen (z.B. beim Einsatz von \nBeauftragten, Webhostern, etc.).<br>\n<br>\nSofern wir Dritte mit der Verarbeitung von Daten auf Grundlage eines \nsog. \u201eAuftragsverarbeitungsvertrages\u201c beauftragen, geschieht dies auf \nGrundlage des Art. 28 DSGVO.<br>\n<br>\n\u00dcbermittlungen in Drittl\u00e4nder<br>\n<br>\nSofern wir Daten in einem Drittland (d.h. au\u00dferhalb der Europ\u00e4ischen \nUnion (EU) oder des Europ\u00e4ischen Wirtschaftsraums (EWR)) verarbeiten \noder dies im Rahmen der\nInanspruchnahme von Diensten Dritter oder Offenlegung, bzw. \u00dcbermittlung\n von Daten an Dritte geschieht, erfolgt dies nur, wenn es zur Erf\u00fcllung \nunserer (vor)vertraglichen\n Pflichten, auf Grundlage Ihrer Einwilligung, aufgrund einer rechtlichen\n Verpflichtung oder auf Grundlage unserer berechtigten Interessen \ngeschieht.\n Vorbehaltlich gesetzlicher oder vertraglicher Erlaubnisse, verarbeiten \noder lassen wir die Daten in einem Drittland nur beim Vorliegen der \nbesonderen\n Voraussetzungen der Art. 44 ff. DSGVO verarbeiten. D.h. die \nVerarbeitung erfolgt z.B. auf Grundlage besonderer Garantien, wie der \noffiziell anerkannten\n Feststellung eines der EU entsprechenden Datenschutzniveaus (z.B. f\u00fcr \ndie USA durch das \u201ePrivacy Shield\u201c) oder Beachtung offiziell anerkannter\n spezieller\n vertraglicher Verpflichtungen (so genannte \u201eStandardvertragsklauseln\u201c).\n <br>\n<br>\nRechte der betroffenen Personen<br>\n<br>\nSie haben das Recht, eine Best\u00e4tigung dar\u00fcber zu verlangen, ob \nbetreffende Daten verarbeitet werden und auf Auskunft \u00fcber diese Daten \nsowie auf weitere Informationen\nund Kopie der Daten entsprechend Art. 15 DSGVO.<br>\nSie haben entsprechend. Art. 16 DSGVO das Recht, die Vervollst\u00e4ndigung \nder Sie betreffenden Daten oder die Berichtigung der Sie betreffenden \nunrichtigen Daten zu\nverlangen.<br>\nSie haben nach Ma\u00dfgabe des Art. 17 DSGVO das Recht zu verlangen, dass \nbetreffende Daten unverz\u00fcglich gel\u00f6scht werden, bzw. alternativ nach \nMa\u00dfgabe des Art. 18\nDSGVO eine Einschr\u00e4nkung der Verarbeitung der Daten zu verlangen.<br>\nSie haben das Recht zu verlangen, dass die Sie betreffenden Daten, die \nSie uns bereitgestellt haben nach Ma\u00dfgabe des Art. 20 DSGVO zu erhalten \nund deren \u00dcbermittlung\nan andere Verantwortliche zu fordern.<br>\nSie haben ferner gem. Art. 77 DSGVO das Recht, eine Beschwerde bei der zust\u00e4ndigen Aufsichtsbeh\u00f6rde einzureichen.<br>\n<br>\nWiderrufsrecht<br>\n<br>\nSie haben das Recht, erteilte Einwilligungen gem. Art. 7 Abs. 3 DSGVO mit Wirkung f\u00fcr die Zukunft zu widerrufen.<br>\n<br>\nWiderspruchsrecht<br>\n<br>\nSie k\u00f6nnen der k\u00fcnftigen Verarbeitung der Sie betreffenden Daten nach Ma\u00dfgabe des Art. 21 DSGVO jederzeit widersprechen.\nDer Widerspruch kann insbesondere gegen die Verarbeitung f\u00fcr Zwecke der Direktwerbung erfolgen.<br>\n<br>\nCookies und Widerspruchsrecht bei Direktwerbung<br>\n<br>\nAls \u201eCookies\u201c werden kleine Dateien bezeichnet, die auf Rechnern der \nNutzer gespeichert werden. Innerhalb der Cookies k\u00f6nnen unterschiedliche\n Angaben\ngespeichert werden. Ein Cookie dient prim\u00e4r dazu, die Angaben zu einem \nNutzer (bzw. dem Ger\u00e4t auf dem das Cookie gespeichert ist) w\u00e4hrend oder \nauch nach seinem\nBesuch innerhalb eines Onlineangebotes zu speichern. Als tempor\u00e4re \nCookies, bzw. \u201eSession-Cookies\u201c oder \u201etransiente Cookies\u201c, werden \nCookies bezeichnet, die\ngel\u00f6scht werden, nachdem ein Nutzer ein Onlineangebot verl\u00e4sst und \nseinen Browser schlie\u00dft. In einem solchen Cookie kann z.B. der Inhalt \neines Warenkorbs in einem\nOnlineshop oder ein Login-Staus gespeichert werden. Als \u201epermanent\u201c oder\n \u201epersistent\u201c werden Cookies bezeichnet, die auch nach dem Schlie\u00dfen des\n Browsers gespeichert\nbleiben. So kann z.B. der Login-Status gespeichert werden, wenn die \nNutzer diese nach mehreren Tagen aufsuchen. Ebenso k\u00f6nnen in einem \nsolchen Cookie die Interessen der\nNutzer gespeichert werden, die f\u00fcr Reichweitenmessung oder \nMarketingzwecke verwendet werden. Als \u201eThird-Party-Cookie\u201c werden \nCookies bezeichnet, die von anderen Anbietern\nals dem Verantwortlichen, der das Onlineangebot betreibt, angeboten \nwerden (andernfalls, wenn es nur dessen Cookies sind spricht man von \n\u201eFirst-Party Cookies\u201c).<br>\nWir k\u00f6nnen tempor\u00e4re und permanente Cookies einsetzen und kl\u00e4ren hier\u00fcber im Rahmen unserer Datenschutzerkl\u00e4rung auf.<br>\nFalls die Nutzer nicht m\u00f6chten, dass Cookies auf ihrem Rechner \ngespeichert werden, werden sie gebeten die entsprechende Option in den \nSystemeinstellungen ihres\nBrowsers zu deaktivieren. Gespeicherte Cookies k\u00f6nnen in den \nSystemeinstellungen des Browsers gel\u00f6scht werden. Der Ausschluss von \nCookies kann zu Funktionseinschr\u00e4nkungen\ndieses Onlineangebotes f\u00fchren.<br>\n<br>\nEin genereller Widerspruch gegen den Einsatz der zu Zwecken des \nOnlinemarketing eingesetzten Cookies kann bei einer Vielzahl der \nDienste, vor allem im Fall des Trackings,\n\u00fcber die US-amerikanische Seite http:\/\/www.aboutads.info\/choices\/ oder \ndie EU-Seite http:\/\/www.youronlinechoices.com\/ erkl\u00e4rt werden. Des \nWeiteren kann die Speicherung\nvon Cookies mittels deren Abschaltung in den Einstellungen des Browsers \nerreicht werden. Bitte beachten Sie, dass dann gegebenenfalls nicht alle\n Funktionen dieses\nOnlineangebotes genutzt werden k\u00f6nnen.<br>\n<br>\nL\u00f6schung von Daten<br>\n<br>\nDie von uns verarbeiteten Daten werden nach Ma\u00dfgabe der Art. 17 und 18 \nDSGVO gel\u00f6scht oder in ihrer Verarbeitung eingeschr\u00e4nkt. Sofern nicht im\n Rahmen dieser\nDatenschutzerkl\u00e4rung ausdr\u00fccklich angegeben, werden die bei uns \ngespeicherten Daten gel\u00f6scht, sobald sie f\u00fcr ihre Zweckbestimmung nicht \nmehr erforderlich sind und der\nL\u00f6schung keine gesetzlichen Aufbewahrungspflichten entgegenstehen. \nSofern die Daten nicht gel\u00f6scht werden, weil sie f\u00fcr andere und \ngesetzlich zul\u00e4ssige Zwecke\nerforderlich sind, wird deren Verarbeitung eingeschr\u00e4nkt. D.h. die Daten\n werden gesperrt und nicht f\u00fcr andere Zwecke verarbeitet. Das gilt z.B. \nf\u00fcr Daten, die aus\nhandels- oder steuerrechtlichen Gr\u00fcnden aufbewahrt werden m\u00fcssen.<br>\n<br>\nNach gesetzlichen Vorgaben in Deutschland erfolgt die Aufbewahrung \ninsbesondere f\u00fcr 6 Jahre gem\u00e4\u00df \u00a7 257 Abs. 1 HGB (Handelsb\u00fccher, \nInventare, Er\u00f6ffnungsbilanzen,\nJahresabschl\u00fcsse, Handelsbriefe, Buchungsbelege, etc.) sowie f\u00fcr 10 \nJahre gem\u00e4\u00df \u00a7 147 Abs. 1 AO (B\u00fccher, Aufzeichnungen, Lageberichte, \nBuchungsbelege, Handels- und\nGesch\u00e4ftsbriefe, F\u00fcr Besteuerung relevante Unterlagen, etc.).<br>\n<br>\nNach gesetzlichen Vorgaben in \u00d6sterreich erfolgt die Aufbewahrung \ninsbesondere f\u00fcr 7 J gem\u00e4\u00df \u00a7 132 Abs. 1 BAO (Buchhaltungsunterlagen, \nBelege\/Rechnungen, Konten,\nBelege, Gesch\u00e4ftspapiere, Aufstellung der Einnahmen und Ausgaben, etc.),\n f\u00fcr 22 Jahre im Zusammenhang mit Grundst\u00fccken und f\u00fcr 10 Jahre bei \nUnterlagen im Zusammenhang\nmit elektronisch erbrachten Leistungen, Telekommunikations-, Rundfunk- \nund Fernsehleistungen, die an Nichtunternehmer in EU-Mitgliedstaaten \nerbracht werden und f\u00fcr\ndie der Mini-One-Stop-Shop (MOSS) in Anspruch genommen wird. <br>\n<br>\nKontaktaufnahme<br>\n<br>\nBei der Kontaktaufnahme mit uns (z.B. per Kontaktformular, E-Mail, \nTelefon oder via sozialer Medien) werden die Angaben des Nutzers zur \nBearbeitung der Kontaktanfrage\n und deren Abwicklung gem. Art. 6 Abs. 1 lit. b) DSGVO verarbeitet. Die \nAngaben der Nutzer k\u00f6nnen in einem Customer-Relationship-Management \nSystem (&#8222;CRM System&#8220;) oder\n vergleichbarer Anfragenorganisation gespeichert werden. <br>\n<br>\nWir l\u00f6schen die Anfragen, sofern diese nicht mehr erforderlich sind. Wir\n \u00fcberpr\u00fcfen die Erforderlichkeit alle zwei Jahre; Ferner gelten die \ngesetzlichen\nArchivierungspflichten.<br>\n<br>\nKommentare und Beitr\u00e4ge<br>\n<br>\nWenn Nutzer Kommentare oder sonstige Beitr\u00e4ge hinterlassen, werden ihre \nIP-Adressen auf Grundlage unserer berechtigten Interessen im Sinne des \nArt. 6\nAbs. 1 lit. f. DSGVO f\u00fcr 7 Tage gespeichert. Das erfolgt zu unserer \nSicherheit, falls jemand in Kommentaren und Beitr\u00e4gen widerrechtliche \nInhalte hinterl\u00e4sst\n(Beleidigungen, verbotene politische Propaganda, etc.). In diesem Fall \nk\u00f6nnen wir selbst f\u00fcr den Kommentar oder Beitrag belangt werden und sind\n daher an der\nIdentit\u00e4t des Verfassers interessiert.<br>\n<br>\nGoogle Maps<br>\n<br>\nWir binden die Landkarten des Dienstes \u201cGoogle Maps\u201d des Anbieters \nGoogle LLC, 1600 Amphitheatre Parkway, Mountain View, CA 94043, USA, \nein. <br>\n<br>\nDatenschutzerkl\u00e4rung: https:\/\/www.google.com\/policies\/privacy\/, Opt-Out: https:\/\/adssettings.google.com\/authenticated.\nErstellt mit Datenschutz-Generator.de von RA Dr. Thomas Schwenke <\/p>\n\n\n\n<p>Quelle: Impessum <a href=\"http:\/\/www.mustervorlage.net\/disclaimer-muster\" target=\"_blank\" rel=\"noreferrer noopener\">Disclaimer-Muster<\/a><\/p>\n","protected":false},"excerpt":{"rendered":"<p>Adresse:Susanne L\u00fcdersGei\u00dflerstra\u00dfe 239104 Magdeburg Tel.: +49(0)3915843676E-Mail: info[at]dorothea-kleine.de&nbsp; Rechtlicher Hinweis und Haftungsausschluss: 1. Haftungsbeschr\u00e4nkungDie Inhalte des Internetauftritts wurden mit gr\u00f6\u00dftm\u00f6glicher Sorgfalt und nach bestem Gewissen erstellt. Dennoch \u00fcbernimmt der Anbieter dieser Webseite keine Gew\u00e4hr f\u00fcr die Aktualit\u00e4t, Vollst\u00e4ndigkeit und Richtigkeit der bereitgestellten Seiten und Inhalte. Als Diensteanbieter ist der Anbieter dieser Webseite gem\u00e4\u00df \u00a7 7 Abs. &hellip; <a href=\"https:\/\/dorothea-kleine.de\/?page_id=60\" class=\"more-link\"><span class=\"screen-reader-text\">Impressum<\/span> weiterlesen<\/a><\/p>\n","protected":false},"author":1,"featured_media":0,"parent":0,"menu_order":0,"comment_status":"closed","ping_status":"closed","template":"","meta":[],"_links":{"self":[{"href":"https:\/\/dorothea-kleine.de\/index.php?rest_route=\/wp\/v2\/pages\/60"}],"collection":[{"href":"https:\/\/dorothea-kleine.de\/index.php?rest_route=\/wp\/v2\/pages"}],"about":[{"href":"https:\/\/dorothea-kleine.de\/index.php?rest_route=\/wp\/v2\/types\/page"}],"author":[{"embeddable":true,"href":"https:\/\/dorothea-kleine.de\/index.php?rest_route=\/wp\/v2\/users\/1"}],"replies":[{"embeddable":true,"href":"https:\/\/dorothea-kleine.de\/index.php?rest_route=%2Fwp%2Fv2%2Fcomments&post=60"}],"version-history":[{"count":1,"href":"https:\/\/dorothea-kleine.de\/index.php?rest_route=\/wp\/v2\/pages\/60\/revisions"}],"predecessor-version":[{"id":61,"href":"https:\/\/dorothea-kleine.de\/index.php?rest_route=\/wp\/v2\/pages\/60\/revisions\/61"}],"wp:attachment":[{"href":"https:\/\/dorothea-kleine.de\/index.php?rest_route=%2Fwp%2Fv2%2Fmedia&parent=60"}],"curies":[{"name":"wp","href":"https:\/\/api.w.org\/{rel}","templated":true}]}}